n w is divided by i?
15
Let j = -33 + 79. Suppose 0 = 6*f - 68 - j. Suppose 4*a - 6*a + 14 = 0. What is the remainder when f is divided by a?
5
Let a(x) = x**3 - 22*x**2 + 20*x + 26. Let n be a(21). Suppose -n*c + 110 = 3*m - 161, 344 = 4*m - 2*c. Calculate the remainder when m is divided by 23.
18
Let s = -790 + 803. Let j(f) = 2*f**2 + 3*f - 4. Calculate the remainder when j(3) is divided by s.
10
Suppose -22*z - 667 = -7421. What is the remainder when z is divided by 5?
2
Let r(v) = -28*v + 3. Let g be r(-3). Suppose -3*q + g = 27. What is the remainder when 118 is divided by q?
18
Let b(g) = g**3 - 11*g**2 + 15*g - 35. What is the remainder when 161 is divided by b(10)?
11
Calculate the remainder when 102 is divided by 36 - (-77)/(-44)*4.
15
Let c be -3 + -1 - (1 - 27). Suppose 0 = -4*d + c + 70. What is the remainder when 89 is divided by d?
20
Let v = 518 - 455. What is the remainder when v is divided by 22?
19
Suppose 5*f = 4*m - 63, 3 = -3*f + 6. Let c be ((-84)/(-9))/(4/18). Let k = -36 + c. Calculate the remainder when m is divided by k.
5
Suppose 4*z - 3*m - 30 = 0, -18*m - 3 = -z - 15*m. Calculate the remainder when 105 is divided by z.
6
Let z = 26 - 13. Suppose 0 = 4*d - 5*t - 1, 2*d = -2*d + t + z. Suppose d*l - 26 - 58 = 0. What is the remainder when l is divided by 4?
1
Suppose 0 = -p - 4 + 2. Suppose -311*v = -316*v + 70. What is the remainder when v is divided by p*(-2 + 1/(-2))?
4
Let z(s) = s**2 + 25*s + 197. Calculate the remainder when z(-34) is divided by 18.
17
Let y = 98 + -20. Let u = 2644 - 2628. Calculate the remainder when y is divided by u.
14
Let a(q) = 3*q**2 + 75*q - 44. Calculate the remainder when a(-51) is divided by 16.
14
Suppose -x + 10 = -4*d, 4*x + 14 = -0*d - 2*d. Let r(g) = -g**2 - g + 4. Let h be r(d). What is the remainder when 30 - (0 + (h - -1)) is divided by 11?
9
Suppose -2*u = 5*m - 207, 13*m + 119 = 16*m - 4*u. Calculate the remainder when m is divided by 20.
1
Let x(a) be the third derivative of 35*a**4/8 - a**3/6 - 11*a**2. What is the remainder when x(1) is divided by 35?
34
Let z = 54 - 44. Calculate the remainder when 21 is divided by z.
1
Suppose 0 = 4*f + 3*j - 172, -2*j + 168 = 13*f - 9*f. Calculate the remainder when f is divided by (-2)/((-40)/18 + 2).
4
What is the remainder when 188 is divided by (3 + (2 - 4))/((-2)/(-42))?
20
Let m be (1 - 2) + -7 + 10. Suppose -5*d = -3*p - 0*p - 15, -m*p + 3 = d. Suppose 2*z + 4*z - 444 = p. What is the remainder when z is divided by 19?
17
Suppose 4*b + 27 = -l, 0 = -3*l + 2*b - 42 - 109. Let p = 66 + l. Suppose 13 - 159 = -2*s. What is the remainder when s is divided by p?
16
Suppose -u + 8 = -5*u, -3*c + 3*u = -3. Let s be 20*c/(6/(-9)). Suppose -5*f + 90 = z + 7, -s = -2*f - 2*z. Calculate the remainder when 49 is divided by f.
15
Suppose 5*v + 0*v - 365 = 0. Calculate the remainder when v is divided by 30/((-44)/(-55)*(-15)/(-6)).
13
Let t be (-87)/(-12) - (-3)/(-12). Let v be t*1*36/126. Suppose 0 = -5*i - v*i + 252. Calculate the remainder when i is divided by 20.
16
Let n(q) = q**3 + 7*q**2 + 4*q - 2. Suppose 0 = -3*u - 2*u - 30. Suppose g - 222 = -5*g. What is the remainder when g is divided by n(u)?
7
Let w = -15 - -25. Let o(r) = 3*r**2 + 3*r - 19. What is the remainder when o(-5) is divided by w?
1
Let m(y) = -y**2 + 13*y + 9. Let d be m(13). Calculate the remainder when 13 is divided by d/(-18) + 33/6.
3
Let u(g) = 9*g + 3. Let s be u(-1). Let m(a) = 2*a**2 - 3*a - 2. Let f be m(-2). Calculate the remainder when (-2)/f + (-445)/s is divided by 19.
17
Suppose -29*p - 2985 = -34*p. What is the remainder when p is divided by 75?
72
Let t be (-152)/12 + 1/(-3). Let a = t + 32. Calculate the remainder when a is divided by 11.
8
Let k(h) = 46*h + 3. Let s be k(1). Let y = s - 37. What is the remainder when 21 is divided by y?
9
Suppose 3*u - 19 - 26 = 0. Let m = -542 - -584. Calculate the remainder when m is divided by u.
12
Suppose 0 = -6*h + 33 - 9. Suppose -h*o + 4 = 5*d - 3, 2*d + 50 = 5*o. What is the remainder when 13 is divided by o?
5
Let a be 8/10*(-1 + 26). Suppose -k - 4*k = -5*n + a, 3*n + 5*k - 20 = 0. Suppose -76*r + 74*r = -18. Calculate the remainder when r is divided by n.
4
Suppose 5*x + 4*h - 57 = 0, h - 24 - 26 = -4*x. Suppose -9*a - 100 = -x*a. What is the remainder when 97 is divided by a?
22
Let u(a) = a**2 - 19*a - 10. Let b be u(19). What is the remainder when (-28)/(-70) - 326/b is divided by 9?
6
Suppose -c + 24 - 10 = 0. Calculate the remainder when c is divided by 32/(-336)*-18*42/9.
6
Suppose 1 = -k + 7. Let w be -3 - ((-669)/12 - (-6)/8). Suppose 2*x - w = -6. Calculate the remainder when x is divided by k.
5
Suppose 5*j + 450 = 2*j. Let z = -118 - j. Calculate the remainder when 83 is divided by z.
19
Suppose 2*u + 250 = 2*r, 2*r + 2*r = -2*u + 476. What is the remainder when r is divided by 45?
31
Suppose 0 = 5*i - 3 - 17. Suppose 2*s = z + 30, i = 2*z - 0. Let x = 74 - 45. Calculate the remainder when x is divided by s.
13
Let t be (27/(-4))/(2/8). Suppose -4*f + f = -51. Calculate the remainder when 6*(-3)/(-9) - (t + -1) is divided by f.
13
Let a(i) = -187*i - 118. What is the remainder when a(-9) is divided by 49?
46
Let r(q) = q**3 - 16*q + 81. Suppose 3*l + 0*l - 55 = 2*m, 3*l + 3*m = 45. Calculate the remainder when r(0) is divided by l.
13
What is the remainder when 20 is divided by (3/(-2))/(((-184)/16)/23)?
2
Let c be (-2)/4*-2*3. Suppose -c*z + 5*v = -287, -5*z - 262 + 727 = -5*v. Suppose -5*m + 61 = -z. Calculate the remainder when m is divided by 8.
6
Let n = 3 - 0. Let h(f) = -3*f + 16. Let m be h(4). Suppose -5 = -m*p + 35. Calculate the remainder when p is divided by n.
1
What is the remainder when 86 is divided by 30 - -2*(-28)/8?
17
What is the remainder when 41 is divided by (-3)/((-9)/12)*21/6?
13
Let q = 43 - 10. Let v(c) = c. What is the remainder when q is divided by v(6)?
3
Suppose 0 = -2*h - 4*n + 6, -5*h = -5*n + 6*n - 33. Calculate the remainder when 2160 is divided by h.
4
Let p(d) = d - 1. Let j be 10/40 + 37/(-4). Let w be p(j). Let c = -4 - w. What is the remainder when 17 is divided by c?
5
Suppose 0 = -n - 11 - 36. Let b = -28 - n. Calculate the remainder when 37 is divided by b.
18
Let v = 1577 + -1245. What is the remainder when v is divided by 12?
8
Suppose 2*u = 4*o - 42, -10*o + 15*o = 2*u + 50. Calculate the remainder when 71 is divided by o.
7
Suppose 3*l + w + 5 - 28 = 0, 0 = w + 1. Suppose 3*p - 23 = -l. Calculate the remainder when 18 is divided by p.
3
Suppose -8*i = i + 3*i. Suppose 6*l - 42 - 84 = i. Calculate the remainder when 77 is divided by l.
14
Let o(n) = 25*n + 117. Calculate the remainder when 57 is divided by o(-4).
6
What is the remainder when 88 is divided by (-252)/(-693) - 326/(-11)?
28
Let a be 120/(-32)*(-32)/6. Let y = 49 - a. Calculate the remainder when y is divided by 10.
9
Suppose -20 = -8*m + 13*m. Let j be (16*-1 - m)/(-1). Suppose -j*d + 8*d = -12. Calculate the remainder when d is divided by 3.
0
Let v = 298 + -266. What is the remainder when 223 is divided by v?
31
Let l(v) = -v**2 + 5*v - 1. Let m be l(4). Suppose -15 = -0*n - m*n - 5*k, k = 3. Suppose w = -n*w + 8. What is the remainder when 38 is divided by w?
6
Let u(p) = p - 8. Let a be u(10). Suppose 3*l - a*l = 14. What is the remainder when 37 is divided by l?
9
Calculate the remainder when 86 is divided by ((-3)/((-9)/(-1)))/(5/(-330)).
20
Let x = -1291 - -1391. Calculate the remainder when x is divided by 49.
2
Let d(y) = -4*y - 7. Let c be d(-9). Suppose 131 = 5*p + 5*z - 2*z, -p - 2*z = -c. Calculate the remainder when p is divided by 13.
12
Suppose 40*w - 3925 = 15*w. Calculate the remainder when w is divided by 40.
37
Suppose -5*i = -2*g + 32, 2*g + 5*i - 20 = 12. Calculate the remainder when 34 is divided by 0 + 4/g - (-70)/8.
7
Let t(d) = 10*d**2 - 6*d + 0*d**3 - 3 + d**3 - 6*d - 4. Let p be t(-11). Suppose -15 - 13 = -p*x. Calculate the remainder when x is divided by 3.
1
Suppose 5*j - 22 = 58. Suppose 0 = 2*c + 36 - 384. Suppose -h - h = -3*z + 183, 0 = -3*z + 5*h + c. Calculate the remainder when z is divided by j.
15
Let u be 1 - (-12*3)/(-4). Let p = u - 16. What is the remainder when 16 is divided by p/(-3) - (0 + -1)?
7
Suppose 9*h - 46 = 8*h. Suppose h = b